= -v - 8. Calculate the highest common factor of k and v.
8
Suppose 2*l - 32 = -2*v, 11*l - 3*v - 24 = 8*l. Let x = 46 - 28. Suppose 48 = n + x. Calculate the greatest common divisor of n and l.
6
Let s(u) = -120*u. Let g be s(-1). Suppose 144 = -3*o + 6*o. What is the highest common factor of g and o?
24
Suppose 6*u - 1 = 407. Suppose 52 = 4*m - 4*f, 22 = -4*m - 2*f + u. What is the greatest common factor of 18 and m?
6
Suppose 1224 = 43*x - 25*x. Calculate the greatest common factor of x and 2176.
68
Let v be (-1)/(9/15)*-21. Let z = -121 - -128. What is the greatest common divisor of z and v?
7
Let k = -6 - 14. Let o be (-2255)/k + 6/(-8). Suppose -2*q + q = -o. Calculate the greatest common divisor of q and 16.
16
Let p(b) = 2*b**2 + 36*b + 26. Let y be p(17). Calculate the highest common divisor of 19 and y.
19
Let m(o) = -49*o + 4. Let z = 8 - 6. Let x(p) = 50*p - 4. Let q(n) = z*x(n) + 3*m(n). Let f be q(-3). Calculate the greatest common divisor of f and 29.
29
Let l = -11 - -11. Suppose n - 34 = -4*g, 3*n - 2*g - 3*g - 34 = l. Suppose 9*s - 1233 = 225. What is the highest common divisor of n and s?
18
Let f = 3 - 5. Let q be 1*((-4 - f) + 47). What is the greatest common factor of q and 30?
15
Let q(c) = c - 3. Let j be q(6). Suppose 17 + 34 = 4*l - 5*k, -j*k + 110 = 5*l. Calculate the greatest common factor of l and 57.
19
Let t(g) = g + 3. Let d be t(3). Let u be ((-45)/d)/(-5)*(-2 - -4). Calculate the highest common factor of 9 and u.
3
Suppose -5*l = 3*v - 167, 3*v = -0*l - l + 43. Suppose -2*p + 5*p + 3*k = 81, -10 = 2*k. Let z = p - l. Calculate the greatest common divisor of 9 and z.
1
Let d be (207/12)/(12/544). What is the greatest common factor of 92 and d?
46
Suppose 0 + 10 + 40 = 5*c. Suppose d = -0*d + 158. Let l be (0 - d/(-2)) + 1. Calculate the highest common factor of l and c.
10
Let c(w) = 25*w**2 + 23. Let x be c(-4). What is the highest common divisor of 9 and x?
9
Suppose 21 = p + 4*v, -2*p - v = -37 + 16. What is the highest common divisor of p and 333?
9
Suppose 0 = q - 5*b - 23, 3*q - 109 = 5*b - 0*b. Suppose -125 - q = -7*v. Calculate the highest common factor of v and 32.
8
Let i(o) = -4*o + 86. Let d be i(19). What is the greatest common factor of d and 205?
5
Suppose 6*d - 5*x + 48 = 9*d, -4*x - 54 = -2*d. What is the greatest common factor of 357 and d?
21
Let j be (171/63)/((-36)/(-7) + -5). Suppose 101 = 4*l - 127. What is the highest common divisor of l and j?
19
Let o be 22/(-8)*(10 + 6). Let d = 0 - o. What is the greatest common divisor of d and 11?
11
Suppose -17 = 6*x - 7*x. Suppose -k + 4*d = -41, 5*d = -2*k + x - 0. What is the greatest common divisor of k and 63?
21
Let v = -27 + 27. Suppose 0 = -2*b + 3*u - v - 3, 6 = 2*u. What is the greatest common factor of 15 and b?
3
Suppose 5*n = 2*x - 29, 2*n - 15 = -x + 5*n. Suppose -244 = -6*w + 98. Suppose -52*g - 180 = -w*g. Calculate the greatest common factor of x and g.
12
Let u = 110 + -51. Suppose 14*l - 2832 = 6*l. Calculate the highest common divisor of l and u.
59
Suppose 0 = -3*t + 3*p + 510, -t + 2*p + 56 = -119. What is the highest common divisor of 11 and t?
11
Let t = 814 + -574. Suppose -5*a - 4*b = -76 - 86, 2*a = -2*b + 66. What is the greatest common factor of a and t?
30
Let a = 318 - 310. What is the greatest common factor of 116 and a?
4
Let h be (-2)/(-4) - 9/(-2). Let l(m) = 2*m**3 + 17*m**2 - 12*m + 13. Let x be l(-9). Calculate the greatest common divisor of x and h.
5
Let c be (-7)/7*(-8)/2. Let h(u) = 6*u**2 - u. Let r be h(c). Suppose 5*b - 8 = -n, -37 = -2*n + 5*b - 8*b. Calculate the highest common divisor of n and r.
23
Let f = 1119 + -594. What is the highest common divisor of 15 and f?
15
Suppose 5*h = 203 + 62. Suppose -2*w - 51 = w - 3*z, 3*w + h = z. Let v be (-5 - -9)/((-2)/w). Calculate the highest common divisor of 12 and v.
12
Let q(i) = -i**2 + i. Let j(c) = c**3 + 9*c**2 + 4*c + 12. Let g(a) = j(a) + 3*q(a). Let d be g(-4). What is the highest common factor of 48 and d?
16
Suppose 0*x - x + u = -2, -3*x + 4*u = -9. Let d be (2 - (0 + x))*1. Suppose 25*t = 36*t - 132. Calculate the greatest common divisor of d and t.
3
Suppose 4*j = 16, 508 = m + 2*m + j. Let w(b) = -2*b + 16. Let g(f) = -f - 21. Let y be g(-17). Let o be w(y). Calculate the highest common factor of o and m.
24
Suppose 3*h = -2*p + 46, -h - 24*p + 2 = -20*p. What is the highest common factor of h and 192?
6
Suppose -16*l = -4*a - 21*l + 80, -5*a + l + 71 = 0. Let c be (6/9)/((-2)/(-90)). Calculate the highest common divisor of a and c.
15
Suppose -2*w = z - 19, -7 = -w + z + 7. Calculate the highest common divisor of 341 and w.
11
Let t(z) = -z**2 - 13*z - 19. Let g be t(-11). Suppose g*k - 69 + 66 = 0. Calculate the greatest common divisor of k and 3.
1
Let v(j) = -79*j + 581. Let h be v(7). Calculate the greatest common factor of 7 and h.
7
Suppose 2*p + 13*p - 4050 = 0. Calculate the highest common factor of p and 27.
27
Let l be (-1)/((2/4)/((-1)/2)). Suppose 0 = 2*s - 0 - 6. Calculate the greatest common divisor of l and s.
1
Let f = -201 + 132. Let m = 105 + f. Calculate the greatest common factor of m and 18.
18
Suppose -3*i = -u - 28 - 48, 0 = -5*i + u + 124. Let b be (-4)/(-10)*(94 - -6). Calculate the highest common divisor of i and b.
8
Let t be (-855)/(-76)*24/5. Let m = -18 + 35. Suppose 0 = x - 10 - m. Calculate the highest common factor of t and x.
27
Suppose -11 = 2*g - 15, 0 = p - 2*g - 205. What is the greatest common factor of p and 11?
11
Let i(s) = 167*s**2 - 8*s - 4. Let j be i(-1). What is the highest common divisor of j and 19?
19
Let x(b) = b**2 + 6*b + 2. Let t be 6/(-4)*8/(-3). Suppose 0 = -t*c - 0*c + a - 28, c = a - 7. Let q be x(c). What is the greatest common divisor of 72 and q?
9
Let g(k) = 5*k - 20. Let f(h) = -4*h + 21. Let d(l) = 6*f(l) + 5*g(l). Let t be d(16). Calculate the greatest common divisor of 21 and t.
21
Suppose -132 = -11*i - 0. Calculate the greatest common divisor of 93 and i.
3
Let s be (-8)/1 + (-27)/(-9). Let z(j) = -5*j + 3. Let w be z(s). Let f = 0 + w. What is the greatest common divisor of f and 4?
4
Let l be -2 + (2 - -1) - -2. Let j be -21*(21/(-9) - l). Suppose 0 = -5*u + 27 + 53. Calculate the highest common factor of u and j.
16
Let c = -87 - -90. Suppose q + r - 17 = 0, -c = -q - 4*r + 20. Calculate the highest common divisor of q and 3.
3
Suppose 23*q - 209 = 4*q. What is the greatest common factor of 561 and q?
11
Suppose 3*l = 6 - 18, 4*x = -l + 140. Let o = -7 - 3. Let c be o/(-3) - 8/(-12). What is the greatest common factor of x and c?
4
Suppose 4*l - 16 = 2*g, 6*l - l + 4*g - 7 = 0. Let q = -376 + 391. What is the greatest common divisor of q and l?
3
Let u be (-5 - -74) + (-4)/4. Calculate the greatest common divisor of 238 and u.
34
Let g = -234 - -399. Let v be 3/((-9)/(-201)) + -1. Calculate the highest common divisor of g and v.
33
Let r(n) = n**2 + 3*n - 3. Let g be r(-4). Let f = g + 34. Calculate the highest common divisor of 5 and f.
5
Let s = -141 + 145. Let w = 64 - 29. Suppose -a + w = s*a. What is the greatest common factor of 21 and a?
7
Let d(g) = -9*g + 2*g**2 - 7 - 4*g**2 + 0*g + 3*g**2. Let x be 2 - -6 - (-5 + 3). Let t be d(x). Calculate the greatest common factor of 3 and t.
3
Let t be (35496/(-203))/((-32)/28 - -1). What is the greatest common divisor of t and 24?
24
Let c(u) = -u**3 - 7*u**2 + 16*u - 8. Let f be c(-9). Calculate the highest common factor of f and 230.
10
Let n(p) = p**2 + 17*p - 81. Let h be n(6). Calculate the highest common divisor of h and 19.
19
Let c(j) = -6*j**2 + 96*j + 20. Let a be c(16). Calculate the greatest common factor of 20 and a.
20
Let g = 99 - 22. Let b = -70 + g. What is the highest common divisor of 35 and b?
7
Let z be (-174)/(-4)*(-12)/(-9). Calculate the highest common factor of z and 232.
58
Suppose 0 = -3*h - 5*g + 2, -2 = 2*g + 2. Suppose -6*l = -h*l - 26. Let u(r) = r. Let i be u(l). What is the highest common factor of 13 and i?
13
Let v(s) = -s**2 + 65*s + 209. Let x be v(42). Calculate the highest common divisor of x and 47.
47
Let p(s) = s - 1. Let r be p(1). Let u be r + (-2)/1 - -12. Suppose 3*y - 1 = 59. Calculate the greatest common divisor of y and u.
10
Let s = 27 + -24. Let u be (5 + 4 + -5)*s. 